 73, -5*d - 4 = m - 15. Let l = 112 - m. Suppose -386 = -5*a - 3*g - 0*g, a - l = 4*g. Is a a composite number?
False
Is (-14)/(-35) + (-57663)/(-5) a composite number?
True
Suppose 5*h - 1 = -16. Let y(z) = z + 5. Let j be y(h). Is 32 - (-5 + j - -2) composite?
True
Let v = -1970 - -4809. Is v composite?
True
Let h = -40 - -76. Suppose 0 = -0*a - 3*a - h. Let m = -1 - a. Is m composite?
False
Let t = -6793 + 16500. Is t a prime number?
False
Let u(r) = -1 - 3 + 5*r - 7*r - 13*r**2. Let v be u(8). Is v/8*(-2)/3 a composite number?
False
Let m(n) = -108*n - 25. Let h be m(18). Let y = h - -2940. Is y a prime number?
True
Let c(g) = -g**3 - 10*g**2 + 13*g + 16. Let s be c(-11). Let j be (-22 - s)*(-2)/(-4). Is 2/j - (-1338)/8 a prime number?
True
Let t = 2 - 0. Suppose -3*a + 2*j + 1233 = -0*a, t*j - 6 = 0. Suppose 5*x = -3*s + 486 + 1615, 3*s + a = x. Is x prime?
True
Suppose -4*v + 2798 = -6362. Suppose -v = 5*l + 125. Is (l/6)/((-1)/2) prime?
False
Let h(m) = -m + 16. Let a be h(11). Suppose -3*q + 268 = -5*g, 4*g = a*q - 0*g - 438. Suppose -502 = -4*r - 3*i, 0 = r + 5*i - 31 - q. Is r composite?
False
Suppose -37*d + 641 = -33*d + 3*g, d - 3*g - 164 = 0. Is d prime?
False
Let t = -1 - -3. Let i be ((-36)/(-30))/(t/10). Is (370/(-15))/((-4)/i) prime?
True
Let w = 20 - 17. Suppose -g + 4 = -w*d, -g - 2*d = -3*g. Is 1/g*2*-119 a composite number?
True
Let x(t) = t + 4. Let a be x(-4). Suppose -570 = -a*q + 5*q. Let l = q - -301. Is l a prime number?
False
Let u = 4 + 5. Suppose r - u = 2*r - 4*g, 5*g = r + 12. Suppose 0 = -m - b + 81, -5*m = -4*m - r*b - 65. Is m a composite number?
True
Let t be (-2)/16 + (-15548)/32. Let l = -279 - t. Suppose -l = -m - 2*m. Is m composite?
True
Let g(s) = -s - 30. Let f be g(-20). Let j(b) = b**2 - 10*b + 15. Is j(f) composite?
True
Suppose -2*l + 4*l - 6 = 0. Suppose 0 = l*n + 7*n - 3950. Is n composite?
True
Is 856625/100 + 6/8 composite?
True
Suppose -2*h = 2*r + h - 19, 0 = 4*r - 2*h + 2. Suppose -3*c = -3*i + 2*i + 16, -2*i - 3*c - 4 = 0. Suppose x + r*k - 147 = 54, 0 = i*k + 20. Is x composite?
False
Let o(y) = -1012*y + 13. Is o(-3) prime?
True
Let k = 136 + 52. Let x = -271 + k. Let j = x + 120. Is j a prime number?
True
Let t(o) = 4*o**3 - 8*o**2 - 5*o - 7. Let g(b) = b. Let h(q) = 3*g(q) + t(q). Is h(6) a prime number?
True
Suppose 2*d - 1547 = 9255. Is d a prime number?
False
Let m be -3 + 12/3 - -2. Let o(l) = -4 + 7 + m*l**2 - l**2. Is o(5) a composite number?
False
Let a = 24 - 22. Suppose g + g + 3*y - 1651 = 0, 0 = 3*g - a*y - 2457. Is g prime?
True
Suppose 4*i - 2128 = -464. Suppose i + 414 = 3*g + 4*r, 3*g = 4*r + 838. Is g a composite number?
True
Let j(n) = -185*n**3 - 2*n**2 - 12*n - 18. Is j(-5) a composite number?
False
Let p = -27 - -622. Suppose -m = -3*b - 0*m + 364, 5*b - p = 4*m. Is b a prime number?
False
Let j(z) = z**2 - 3*z - 1. Let q be j(0). Let v(w) = -263*w. Is v(q) a composite number?
False
Let f be (-13)/26 - 11/(-2). Suppose -2*z + 2313 = -5*d + 2*z, -5*z = f*d + 2295. Let r = -90 - d. Is r composite?
True
Suppose 2*k - 101 + 426 = f, 665 = -4*k - f. Let l be ((-11)/33)/(4 + 9650/(-2412)). Let o = k + l. Is o composite?
True
Let j = 146 + 3017. Is j a prime number?
True
Let y(a) = -230*a + 1. Is y(-6) prime?
True
Suppose -7*d + 547 = -1525. Let v = d - 171. Suppose -8*g + v + 1179 = 0. Is g composite?
False
Let a(o) = -3221*o + 12. Is a(-1) a composite number?
True
Suppose -5*z - 12*z + 161857 = 0. Is z a composite number?
False
Suppose 4*h = 3*c + 5*h + 793, 5*h + 255 = -c. Let d = 870 - c. Is d a composite number?
True
Let p(v) = -26*v + 191. Is p(-15) a prime number?
False
Suppose 2*o + 2*z - 17 = -z, -o = -4*z - 14. Suppose 5*c - 3*c - o = 0. Suppose 4*r + c*i = 869, 0 = -3*r + 5*i - 2*i + 618. Is r a composite number?
False
Let t = 28307 + -13530. Is t a composite number?
True
Suppose -2*c + 5*k = -26, 5*c - 4*k + 3*k - 19 = 0. Let l(g) = -18*g**3 - c*g + 8*g**3 + 11*g**2 - 8 + 9*g**3. Is l(9) composite?
False
Suppose 28*m = 5486863 + 2326453. Is m a prime number?
True
Suppose 3*o = 4*u + 40025, 26690 = 2*o + 19*u - 15*u. Is o a prime number?
False
Let v = 2847 + -1528. Is v composite?
False
Suppose -2*p + 6 = -x + 20, 5*x = -3*p + 5. Let u be (2 + 4)*x/12. Suppose u*r = i - 504, -r + 529 = i + 2*r. Is i composite?
True
Suppose 1100 = 5*p - 1355. Is p a prime number?
True
Let z = 6779 - 2028. Is z a prime number?
True
Let p(o) = 5*o + 17*o**2 + 22 + 43*o**2 + 4*o. Is p(-3) composite?
True
Suppose -4*u - 2 = p, -3*p + u - 25 = 7. Let g = p + 10. Suppose -h + 4 = -g*h. Is h a prime number?
False
Let c(v) = -v + 4*v + v**3 + 2*v**2 + v**2 - 2 + 3*v**2. Let g be c(-5). Suppose -g*l = -5*l - 318. Is l composite?
True
Let n(f) = 3*f + 14. Let d be n(-4). Suppose -3*q = d*q - 635. Is q a prime number?
True
Let y(s) = -171*s**2 - 2*s + 5. Let v(r) = -86*r**2 - r + 2. Let g(z) = -7*v(z) + 3*y(z). Is g(-1) a composite number?
False
Let w(x) = x**3 - 13*x**2 + 17*x - 11. Let k be w(12). Suppose 0 = k*n - 42*n - 889. Is n composite?
False
Let w(z) = 5*z**2 + 88*z - 32. Is w(-57) composite?
False
Let m(l) = l**3 - 12*l**2 - 13*l + 6. Let j be m(13). Let q(z) = z**3 - 5*z**2 + 7*z - 9. Is q(j) composite?
True
Suppose 4*j - 333 = j. Let d be (-4)/6 - (6 - (-104)/(-12)). Suppose -d*x - j = -5*x. Is x prime?
True
Let b(g) = 9 + 4 + g**3 - 12*g**2 - 2 + 10*g + 0*g**3. Let x = -31 + 43. Is b(x) a prime number?
True
Let r = 90 + -69. Is -1301*(-1 - 2) + -17 + r a prime number?
True
Let j = 58 - 52. Suppose -v + j*v - 6905 = 0. Is v prime?
True
Suppose 3*a = 16752 + 26355. Is a prime?
True
Let y = -6509 + 17580. Is y prime?
True
Suppose -2*y + 4*g = 2, 2 = 4*y - 3*g + 11. Let a be (4/14)/(y/(-43701)). Suppose -a = -5*p - 387. Is p prime?
False
Suppose -5*j - 2*c + 5360 = -21493, 5*j - 26857 = 2*c. Is j composite?
True
Let j(u) = -u**2 - 3*u + 8. Let q be j(0). Suppose -q*r + 15339 + 18925 = 0. Is r composite?
False
Let l(h) = h + 1. Let y be l(0). Is 4126 + -3 - (y - -2 - 1) a prime number?
False
Let g(r) = 148*r**2 + 4*r + 43. Is g(-6) composite?
False
Let x = -705 - -844. Is x prime?
True
Is (6/4)/(29/(25928610/45)) prime?
True
Let r = 951 + 896. Is r composite?
False
Let b(p) = 2*p. Let j be b(3). Suppose -3*q = -0*q + j. Is (-640)/(-12) + q/6 a prime number?
True
Let a(l) = -l**3 + 9*l**2 + 13*l + 5. Is a(7) composite?
True
Let u be (-1 - 0) + -2 + 713 + 0. Suppose -4*l + u = -3*r + 4*r, l - 5*r = 167. Is l composite?
True
Let f(j) be the first derivative of -j**4/4 + 3*j**2 + 7*j - 3. Is f(-6) a composite number?
True
Let c(i) be the third derivative of -i**6/120 + i**5/10 + i**4/6 - 3*i**3/2 + 8*i**2. Let x = -9 + 15. Is c(x) a composite number?
True
Let z be 1923 - -1*(-4 - -7). Suppose g - 2*u + 0*u - z = 0, -2*u = 8. Let o = 2807 - g. Is o a prime number?
False
Let v(u) be the second derivative of -u + 11/4*u**4 - 1/2*u**2 + 0 + 1/3*u**3. Is v(-2) a prime number?
True
Suppose 0 = -8*b - 4*f + 337064, -b + 5*f + 42135 = 6*f. Is b composite?
False
Let m = -336 + 521. Is m a composite number?
True
Suppose -4*h = 5*o - 5443, 3*h + 3255 = -o + 4*o. Is o a composite number?
False
Suppose -4 = -3*u - 4*p, 3*u - u - 4*p = 36. Suppose 10122 = u*x - 2*x. Is x a prime number?
False
Suppose -2*x - 23 = -0*x - 5*t, 12 = 4*t. Is 3/((-6)/8)*123/x a composite number?
True
Let v(u) = 4362*u - 215. Is v(4) prime?
False
Let t be 7 + -6 + (-6)/(-2). Suppose 0*a + 3*a - 4*p + 217 = 0, 0 = 3*a + t*p + 209. Let m = a - -213. Is m a composite number?
True
Let h(x) = 2*x**2 + x + 3. Let j be h(-3). Let l = j - 27. Let i(u) = u**3 + 9*u**2 - 6*u - 11. Is i(l) composite?
False
Let l = -4322 - -12721. Is l a composite number?
True
Suppose -2*m = -5 + 1. Suppose -a = -m*a + 337. Is a a prime number?
True
Suppose 10*r - 12747 = -11*r. Let j = 7 + -4. Is 1/j*(r + 2) prime?
False
Let o(q) be the third derivative of 5*q**4/2 - 5*q**3/6 - 15*q**2. Is o(2) a prime number?
False
Let x = -29 - -34. Suppose x*b = -r + 7921, -5*r = 5*b - 7*r - 7933. Is b prime?
False
Suppose 3*z = -2*s + 1, 3*s + 4 = -0*z + z. Is (z + 204)/5*17 a prime number?
False
Suppose -63*f - 4*q - 3031 = -64*f, 0 = 5*f - 2*q - 15137. Is f composite?
True
Let v(f) = f**3 - 11*f**2 - 14*f - 5. Let a be v(12). Let b be -1*(-2 + 9)*a. Suppos